{"id":1556,"date":"2021-03-05T20:25:12","date_gmt":"2021-03-05T19:25:12","guid":{"rendered":"https:\/\/www.desouches-chirurgien-esthetique.com\/?page_id=1556"},"modified":"2021-06-02T16:36:41","modified_gmt":"2021-06-02T14:36:41","slug":"analisi-della-pelle","status":"publish","type":"page","link":"https:\/\/www.desouches-chirurgien-esthetique.com\/it\/innovations\/analyse-cutanee\/","title":{"rendered":"Analisi della pelle"},"content":{"rendered":"<p class=\"intro\">Prima di stabilire un approccio terapeutico estetico su misura, il Dr. Christophe Desouches pu\u00f2 offrirti un approccio moderno volto ad analizzare il tuo tipo di pelle il pi\u00f9 finemente possibile.<\/p>\n<h2>Diagnosi accurata della pelle del viso basata sulla tecnologia digitale e studi sull&#039;invecchiamento cutaneo<\/h2>\n<p style=\"text-align: center;\"><img decoding=\"async\" class=\"aligncenter size-full wp-image-1557\" src=\"https:\/\/www.desouches-chirurgien-esthetique.com\/wp-content\/uploads\/2021\/03\/analyse-cutanee.jpg\" alt=\"Analisi della pelle\" width=\"720\" height=\"506\" srcset=\"https:\/\/www.desouches-chirurgien-esthetique.com\/wp-content\/uploads\/2021\/03\/analyse-cutanee.jpg 720w, https:\/\/www.desouches-chirurgien-esthetique.com\/wp-content\/uploads\/2021\/03\/analyse-cutanee-480x337.jpg 480w\" sizes=\"(min-width: 0px) and (max-width: 480px) 480px, (min-width: 481px) 720px, 100vw\" \/><\/p>\n<p>&nbsp;<\/p>\n<p>Oggi gli strumenti per analizzare l&#039;invecchiamento della tua pelle integrando le ultime innovazioni digitali ci permettono di stabilire un pre-consulto per la diagnosi del tuo viso. Questo, con un altissimo livello di precisione nell&#039;analisi della tua pelle, consente di sviluppare un protocollo terapeutico antiet\u00e0 su misura, perfettamente adattato alle caratteristiche della tua pelle.<\/p>\n<p>Lo strumento analizza i seguenti punti:<\/p>\n<p>\u2013 presenza di sebo,<br \/>\n\u2013 aree di infiammazione,<br \/>\n\u2013 Rosacea, arrossamento della pelle<br \/>\n\u2013 stati dei pori,<br \/>\n\u2013 rughe e linee sottili,<br \/>\n\u2013 consistenza della pelle<br \/>\n\u2013 macchie pigmentarie o solari<\/p>\n<p>La soluzione utilizzata dal medico permette di redigere un referto completo sulla pelle, il tutto in 3D. Cos\u00ec viene stabilita e analizzata l&#039;et\u00e0 reale della vostra pelle in relazione alla sua et\u00e0 teorica. Si tratta quindi di una valutazione complessiva che funge da base per consigliare i trattamenti e la loro \u201cnecessit\u00e0\u201d. Agendo in prevenzione, i risultati saranno pi\u00f9 visibili e pi\u00f9 duraturi.<\/p>\n<p>La simulazione 3D personalizzata aiuta a evidenziare queste possibilit\u00e0 di trattamento.<\/p>\n<h2>Tecnologia<\/h2>\n<p>Il Dr. Christophe Desouches utilizza le soluzioni QuantifiCare (suite software LifeViz\u00ae e fotocamera 3D). \u00c8 uno strumento di analisi fotografica e informatica per analizzare l&#039;invecchiamento del viso. \u00c8 una vera soluzione &quot;tutto in uno&quot; che consente di visualizzare le immagini 3D del paziente da una moltitudine di angolazioni.<\/p>\n<p>Un dispositivo fotografico digitale 3D consente di effettuare pi\u00f9 scatti. Le fotografie vengono poi analizzate da vari algoritmi che rilevano il tipo di pelle e la sua precisa condizione.<\/p>\n<p>Durata della diagnosi facciale: 30 minuti.<\/p>\n<h2>A seguito di una diagnosi facciale<\/h2>\n<p>Con una valutazione completa dell&#039;invecchiamento della tua pelle e delle sue cause, il medico ha un potente strumento per informarti e decidere insieme a te i migliori trattamenti estetici.<\/p>\n<p>A seconda delle cause rilevate durante la diagnosi (macchie cutanee, pori dilatati, rughe, ecc.). un protocollo totalmente personalizzato sar\u00e0 consigliato dal Dr. Christophe Desouches.<\/p>\n<p>Questo approccio globale, che si basa sulla sinergia di molteplici tecniche di medicina estetica, ha dimostrato di migliorare la pelle e ringiovanire in profondit\u00e0 il viso dei pazienti.<\/p>","protected":false},"excerpt":{"rendered":"<p>Avant d\u2019\u00e9tablir une d\u00e9marche th\u00e9rapeutique esth\u00e9tique sur mesure, le Dr Christophe Desouches peut vous proposer une approche moderne visant \u00e0 analyser le plus finement possible votre type de peau. Un diagnostic pr\u00e9cis de la peau du visage bas\u00e9 sur la technologie num\u00e9rique et les \u00e9tudes sur le vieillissement cutan\u00e9 &nbsp; Aujourd\u2019hui des outils d\u2019analyse du [&hellip;]<\/p>\n","protected":false},"author":1,"featured_media":0,"parent":577,"menu_order":1,"comment_status":"closed","ping_status":"closed","template":"","meta":{"_et_pb_use_builder":"","_et_pb_old_content":"","_et_gb_content_width":"","footnotes":""},"dipi_cpt_category":[],"class_list":["post-1556","page","type-page","status-publish","hentry"],"_links":{"self":[{"href":"https:\/\/www.desouches-chirurgien-esthetique.com\/it\/wp-json\/wp\/v2\/pages\/1556","targetHints":{"allow":["GET"]}}],"collection":[{"href":"https:\/\/www.desouches-chirurgien-esthetique.com\/it\/wp-json\/wp\/v2\/pages"}],"about":[{"href":"https:\/\/www.desouches-chirurgien-esthetique.com\/it\/wp-json\/wp\/v2\/types\/page"}],"author":[{"embeddable":true,"href":"https:\/\/www.desouches-chirurgien-esthetique.com\/it\/wp-json\/wp\/v2\/users\/1"}],"replies":[{"embeddable":true,"href":"https:\/\/www.desouches-chirurgien-esthetique.com\/it\/wp-json\/wp\/v2\/comments?post=1556"}],"version-history":[{"count":1,"href":"https:\/\/www.desouches-chirurgien-esthetique.com\/it\/wp-json\/wp\/v2\/pages\/1556\/revisions"}],"predecessor-version":[{"id":1558,"href":"https:\/\/www.desouches-chirurgien-esthetique.com\/it\/wp-json\/wp\/v2\/pages\/1556\/revisions\/1558"}],"up":[{"embeddable":true,"href":"https:\/\/www.desouches-chirurgien-esthetique.com\/it\/wp-json\/wp\/v2\/pages\/577"}],"wp:attachment":[{"href":"https:\/\/www.desouches-chirurgien-esthetique.com\/it\/wp-json\/wp\/v2\/media?parent=1556"}],"wp:term":[{"taxonomy":"dipi_cpt_category","embeddable":true,"href":"https:\/\/www.desouches-chirurgien-esthetique.com\/it\/wp-json\/wp\/v2\/dipi_cpt_category?post=1556"}],"curies":[{"name":"parola chiave","href":"https:\/\/api.w.org\/{rel}","templated":true}]}}

<p class="intro">Prima di stabilire un approccio terapeutico estetico su misura, il Dr. Christophe Desouches può offrirti un approccio moderno volto ad analizzare il tuo tipo di pelle il più finemente possibile.</p>
<h2>Diagnosi accurata della pelle del viso basata sulla tecnologia digitale e studi sull&#039;invecchiamento cutaneo</h2>
<p style="text-align: center;"><img decoding="async" class="aligncenter size-full wp-image-1557" src="https://www.desouches-chirurgien-esthetique.com/wp-content/uploads/2021/03/analyse-cutanee.jpg" alt="Analisi della pelle" width="720" height="506" srcset="https://www.desouches-chirurgien-esthetique.com/wp-content/uploads/2021/03/analyse-cutanee.jpg 720w, https://www.desouches-chirurgien-esthetique.com/wp-content/uploads/2021/03/analyse-cutanee-480x337.jpg 480w" sizes="(min-width: 0px) and (max-width: 480px) 480px, (min-width: 481px) 720px, 100vw" /></p>
<p>&nbsp;</p>
<p>Oggi gli strumenti per analizzare l&#039;invecchiamento della tua pelle integrando le ultime innovazioni digitali ci permettono di stabilire un pre-consulto per la diagnosi del tuo viso. Questo, con un altissimo livello di precisione nell&#039;analisi della tua pelle, consente di sviluppare un protocollo terapeutico antietà su misura, perfettamente adattato alle caratteristiche della tua pelle.</p>
<p>Lo strumento analizza i seguenti punti:</p>
<p>– presenza di sebo,<br />
– aree di infiammazione,<br />
– Rosacea, arrossamento della pelle<br />
– stati dei pori,<br />
– rughe e linee sottili,<br />
– consistenza della pelle<br />
– macchie pigmentarie o solari</p>
<p>La soluzione utilizzata dal medico permette di redigere un referto completo sulla pelle, il tutto in 3D. Così viene stabilita e analizzata l&#039;età reale della vostra pelle in relazione alla sua età teorica. Si tratta quindi di una valutazione complessiva che funge da base per consigliare i trattamenti e la loro “necessità”. Agendo in prevenzione, i risultati saranno più visibili e più duraturi.</p>
<p>La simulazione 3D personalizzata aiuta a evidenziare queste possibilità di trattamento.</p>
<h2>Tecnologia</h2>
<p>Il Dr. Christophe Desouches utilizza le soluzioni QuantifiCare (suite software LifeViz® e fotocamera 3D). È uno strumento di analisi fotografica e informatica per analizzare l&#039;invecchiamento del viso. È una vera soluzione &quot;tutto in uno&quot; che consente di visualizzare le immagini 3D del paziente da una moltitudine di angolazioni.</p>
<p>Un dispositivo fotografico digitale 3D consente di effettuare più scatti. Le fotografie vengono poi analizzate da vari algoritmi che rilevano il tipo di pelle e la sua precisa condizione.</p>
<p>Durata della diagnosi facciale: 30 minuti.</p>
<h2>A seguito di una diagnosi facciale</h2>
<p>Con una valutazione completa dell&#039;invecchiamento della tua pelle e delle sue cause, il medico ha un potente strumento per informarti e decidere insieme a te i migliori trattamenti estetici.</p>
<p>A seconda delle cause rilevate durante la diagnosi (macchie cutanee, pori dilatati, rughe, ecc.). un protocollo totalmente personalizzato sarà consigliato dal Dr. Christophe Desouches.</p>
<p>Questo approccio globale, che si basa sulla sinergia di molteplici tecniche di medicina estetica, ha dimostrato di migliorare la pelle e ringiovanire in profondità il viso dei pazienti.</p>

<p>Avant d’établir une démarche thérapeutique esthétique sur mesure, le Dr Christophe Desouches peut vous proposer une approche moderne visant à analyser le plus finement possible votre type de peau. Un diagnostic précis de la peau du visage basé sur la technologie numérique et les études sur le vieillissement cutané &nbsp; Aujourd’hui des outils d’analyse du [&hellip;]</p>
