{"id":1529,"date":"2021-03-05T20:13:53","date_gmt":"2021-03-05T19:13:53","guid":{"rendered":"https:\/\/www.desouches-chirurgien-esthetique.com\/?page_id=1529"},"modified":"2021-03-05T20:13:53","modified_gmt":"2021-03-05T19:13:53","slug":"complesso-vitaminico","status":"publish","type":"page","link":"https:\/\/www.desouches-chirurgien-esthetique.com\/it\/medecine-esthetique\/mesotherapie-cheveux\/complexe-vitaminique\/","title":{"rendered":"Complesso vitaminico"},"content":{"rendered":"<p>Il trattamento della caduta dei capelli con il complesso vitaminico avviene iniettando nel cuoio capelluto una miscela di soluzioni antiossidanti, rivitalizzanti, idratanti che stimolano la ricrescita dei capelli. Questo cocktail di principi attivi viene iniettato per via intradermica, al fine di rallentare la caduta dei capelli e favorire la ricrescita dei capelli attraverso la stimolazione del bulbo. Queste iniezioni superficiali vengono effettuate con una siringa sulla quale \u00e8 montato un ago sottile e corto, entrambi sterili monouso e con l&#039;ausilio di un rullo munito di minuscoli aghi che contemporaneamente esercitano una stimolazione dei fibroblasti e dei fattori di crescita per effetto meccanico.<\/p>\n<h2>L&#039;intervento della mesoterapia vitaminica<\/h2>\n<p>Dopo aver disinfettato il cuoio capelluto, l&#039;applicazione della soluzione attiva avviene mediante pi\u00f9 passaggi consecutivi di rullo o penna sulla zona da trattare. Il prodotto viene quindi iniettato superficialmente mediante micro aghi. Il trattamento \u00e8 indolore. Successivamente viene eseguita una sessione LED per ottimizzare il rilancio delle funzioni cellulari, il miglioramento della microcircolazione locale e un effetto antisebo.<\/p>\n<p>Eseguiamo 1 seduta al mese per 4 mesi. Il ritmo viene quindi adattato caso per caso.<\/p>\n<p>La soluzione iniettata \u00e8 una miscela attiva a base di vasodilatatore, vitamine, aminoacidi, acidi ialuronici e altri oligoelementi che stimoleranno i capelli e gli forniranno una serie di sostanze nutritive per aumentare la ricrescita e il diametro dei capelli.<\/p>\n<h2>Controindicazioni<\/h2>\n<p>A parte l&#039;allergia ad uno dei componenti, non vi \u00e8 alcuna controindicazione alla mesoterapia da parte del complesso vitaminico del cuoio capelluto. Questa procedura \u00e8 molto ben tollerata e ci sono pochissimi effetti collaterali.<\/p>\n<h2>Il risultato<\/h2>\n<p>Dopo 3 o 4 sessioni, si verifica una diminuzione della caduta dei capelli e un miglioramento della crescita, nonch\u00e9 un aumento della densit\u00e0 e della qualit\u00e0 dei capelli.<\/p>\n<p>Per vedere un primo risultato significativo, dovrai attendere almeno tre mesi.<\/p>\n<p>La mesoterapia \u00e8 anche un buon complemento ai trapianti di capelli.<\/p>","protected":false},"excerpt":{"rendered":"<p>Le traitement de la chute de cheveux par complexe vitaminique se fait en injectant au niveau du cuir chevelu un m\u00e9lange de solutions anti-oxydantes, revitalisantes, hydratantes stimulant la repousse des cheveux. Ce cocktail de compos\u00e9s actifs est inject\u00e9 par voie intradermique, afin de freiner la chute des cheveux et favoriser leur repousse par stimulation du [&hellip;]<\/p>\n","protected":false},"author":1,"featured_media":0,"parent":1525,"menu_order":1,"comment_status":"closed","ping_status":"closed","template":"","meta":{"_et_pb_use_builder":"","_et_pb_old_content":"","_et_gb_content_width":"","footnotes":""},"dipi_cpt_category":[],"class_list":["post-1529","page","type-page","status-publish","hentry"],"_links":{"self":[{"href":"https:\/\/www.desouches-chirurgien-esthetique.com\/it\/wp-json\/wp\/v2\/pages\/1529","targetHints":{"allow":["GET"]}}],"collection":[{"href":"https:\/\/www.desouches-chirurgien-esthetique.com\/it\/wp-json\/wp\/v2\/pages"}],"about":[{"href":"https:\/\/www.desouches-chirurgien-esthetique.com\/it\/wp-json\/wp\/v2\/types\/page"}],"author":[{"embeddable":true,"href":"https:\/\/www.desouches-chirurgien-esthetique.com\/it\/wp-json\/wp\/v2\/users\/1"}],"replies":[{"embeddable":true,"href":"https:\/\/www.desouches-chirurgien-esthetique.com\/it\/wp-json\/wp\/v2\/comments?post=1529"}],"version-history":[{"count":1,"href":"https:\/\/www.desouches-chirurgien-esthetique.com\/it\/wp-json\/wp\/v2\/pages\/1529\/revisions"}],"predecessor-version":[{"id":1530,"href":"https:\/\/www.desouches-chirurgien-esthetique.com\/it\/wp-json\/wp\/v2\/pages\/1529\/revisions\/1530"}],"up":[{"embeddable":true,"href":"https:\/\/www.desouches-chirurgien-esthetique.com\/it\/wp-json\/wp\/v2\/pages\/1525"}],"wp:attachment":[{"href":"https:\/\/www.desouches-chirurgien-esthetique.com\/it\/wp-json\/wp\/v2\/media?parent=1529"}],"wp:term":[{"taxonomy":"dipi_cpt_category","embeddable":true,"href":"https:\/\/www.desouches-chirurgien-esthetique.com\/it\/wp-json\/wp\/v2\/dipi_cpt_category?post=1529"}],"curies":[{"name":"parola chiave","href":"https:\/\/api.w.org\/{rel}","templated":true}]}}

<p>Il trattamento della caduta dei capelli con il complesso vitaminico avviene iniettando nel cuoio capelluto una miscela di soluzioni antiossidanti, rivitalizzanti, idratanti che stimolano la ricrescita dei capelli. Questo cocktail di principi attivi viene iniettato per via intradermica, al fine di rallentare la caduta dei capelli e favorire la ricrescita dei capelli attraverso la stimolazione del bulbo. Queste iniezioni superficiali vengono effettuate con una siringa sulla quale è montato un ago sottile e corto, entrambi sterili monouso e con l&#039;ausilio di un rullo munito di minuscoli aghi che contemporaneamente esercitano una stimolazione dei fibroblasti e dei fattori di crescita per effetto meccanico.</p>
<h2>L&#039;intervento della mesoterapia vitaminica</h2>
<p>Dopo aver disinfettato il cuoio capelluto, l&#039;applicazione della soluzione attiva avviene mediante più passaggi consecutivi di rullo o penna sulla zona da trattare. Il prodotto viene quindi iniettato superficialmente mediante micro aghi. Il trattamento è indolore. Successivamente viene eseguita una sessione LED per ottimizzare il rilancio delle funzioni cellulari, il miglioramento della microcircolazione locale e un effetto antisebo.</p>
<p>Eseguiamo 1 seduta al mese per 4 mesi. Il ritmo viene quindi adattato caso per caso.</p>
<p>La soluzione iniettata è una miscela attiva a base di vasodilatatore, vitamine, aminoacidi, acidi ialuronici e altri oligoelementi che stimoleranno i capelli e gli forniranno una serie di sostanze nutritive per aumentare la ricrescita e il diametro dei capelli.</p>
<h2>Controindicazioni</h2>
<p>A parte l&#039;allergia ad uno dei componenti, non vi è alcuna controindicazione alla mesoterapia da parte del complesso vitaminico del cuoio capelluto. Questa procedura è molto ben tollerata e ci sono pochissimi effetti collaterali.</p>
<h2>Il risultato</h2>
<p>Dopo 3 o 4 sessioni, si verifica una diminuzione della caduta dei capelli e un miglioramento della crescita, nonché un aumento della densità e della qualità dei capelli.</p>
<p>Per vedere un primo risultato significativo, dovrai attendere almeno tre mesi.</p>
<p>La mesoterapia è anche un buon complemento ai trapianti di capelli.</p>

<p>Le traitement de la chute de cheveux par complexe vitaminique se fait en injectant au niveau du cuir chevelu un mélange de solutions anti-oxydantes, revitalisantes, hydratantes stimulant la repousse des cheveux. Ce cocktail de composés actifs est injecté par voie intradermique, afin de freiner la chute des cheveux et favoriser leur repousse par stimulation du [&hellip;]</p>
