{"id":1354,"date":"2021-03-05T16:11:51","date_gmt":"2021-03-05T15:11:51","guid":{"rendered":"https:\/\/www.desouches-chirurgien-esthetique.com\/?page_id=1354"},"modified":"2025-02-13T10:17:55","modified_gmt":"2025-02-13T09:17:55","slug":"chirurgia-estetica-dellovale-e-del-collo","status":"publish","type":"page","link":"https:\/\/www.desouches-chirurgien-esthetique.com\/it\/chirurgie-esthetique\/chirurgie-esthetique-du-visage\/chirurgie-esthetique-de-lovale-et-du-cou\/","title":{"rendered":"Chirurgia estetica dell&#039;ovale e del collo"},"content":{"rendered":"<p>Con l&#039;et\u00e0, l&#039;ovale del viso tende a perdere la sua definizione e la pelle del collo a cedere.<br \/>\nIl dottor Christophe Desouches migliora la definizione del viso e ripristina la tensione della pelle del collo con la chirurgia estetica.<\/p>\n<h2>French Lift: il lifting mini-invasivo<\/h2>\n<p>Il French Lift \u00e8 una tecnica innovativa, pi\u00f9 leggera del lifting tradizionale, che ridefinisce l&#039;ovale del viso intervenendo con precisione sui rilassamenti della parte inferiore del viso, garantendo un risultato naturale e armonioso.<\/p>\n<p>&gt;&gt;&gt;Maggiori dettagli su <a href=\"https:\/\/www.desouches-chirurgien-esthetique.com\/it\/chirurgia-estetica\/prima-dopo-chirurgia-estetica-facciale\/chirurgia-estetica-dellovale-e-del-collo\/ascensore-francese\/\">Ascensore alla francese<\/a><\/p>\n<h2>Lifting cervicofacciale<\/h2>\n<p>Il lifting estetico \u00e8 la tecnica pi\u00f9 nota per correggere la perdita di definizione del viso dovuta all&#039;et\u00e0. Migliora l&#039;aspetto del collo e dei contorni del viso.<\/p>\n<p>&gt;&gt;&gt;Maggiori dettagli su <a href=\"https:\/\/www.desouches-chirurgien-esthetique.com\/it\/chirurgia-estetica\/prima-dopo-chirurgia-estetica-facciale\/chirurgia-estetica-dellovale-e-del-collo\/lifting-cervico-facciale-2\/\">lifting cervico-facciale<\/a><\/p>\n<p><!--more--><\/p>\n<div class='et-learn-more clearfix'>\n\t\t\t\t\t<h3 class='heading-more'>Scopri le possibilit\u00e0 offerte dalla medicina estetica<span class='et_learnmore_arrow'><span><\/span><\/span><\/h3>\n\t\t\t\t\t<div class='learn-more-content'><h2>Medicina estetica dell&#039;ovale e del collo<\/h2>\n<p>Scopri le possibilit\u00e0 di abbellimento del viso senza intervento chirurgico con <a href=\"https:\/\/www.desouches-chirurgien-esthetique.com\/it\/medicina-estetica\/medicina-estetica-del-viso-2\/medicina-estetica-del-lobo-e-del-collo\/\">medicina estetica dell&#039;ovale e del collo<\/a> : Rimodellamento della mascella, Microneedling di SkinPen, Nefertiti Lifting e filler.<\/p><\/div>\n\t\t\t\t<\/div>","protected":false},"excerpt":{"rendered":"<p>Avec l&#8217;\u00e2ge, l&#8217;ovale du visage a tendance \u00e0 perdre de sa d\u00e9finition, la peau du cou \u00e0 se d\u00e9tendre. Le Dr Christophe Desouches am\u00e9liore la d\u00e9finition de votre visage et redonne de la tension \u00e0 la peau du cou avec la chirurgie esth\u00e9tique. French Lift : le lifting du visage mini invasif Le French Lift [&hellip;]<\/p>\n","protected":false},"author":1,"featured_media":0,"parent":374,"menu_order":5,"comment_status":"closed","ping_status":"closed","template":"","meta":{"_et_pb_use_builder":"","_et_pb_old_content":"","_et_gb_content_width":"","footnotes":""},"dipi_cpt_category":[],"class_list":["post-1354","page","type-page","status-publish","hentry"],"_links":{"self":[{"href":"https:\/\/www.desouches-chirurgien-esthetique.com\/it\/wp-json\/wp\/v2\/pages\/1354","targetHints":{"allow":["GET"]}}],"collection":[{"href":"https:\/\/www.desouches-chirurgien-esthetique.com\/it\/wp-json\/wp\/v2\/pages"}],"about":[{"href":"https:\/\/www.desouches-chirurgien-esthetique.com\/it\/wp-json\/wp\/v2\/types\/page"}],"author":[{"embeddable":true,"href":"https:\/\/www.desouches-chirurgien-esthetique.com\/it\/wp-json\/wp\/v2\/users\/1"}],"replies":[{"embeddable":true,"href":"https:\/\/www.desouches-chirurgien-esthetique.com\/it\/wp-json\/wp\/v2\/comments?post=1354"}],"version-history":[{"count":10,"href":"https:\/\/www.desouches-chirurgien-esthetique.com\/it\/wp-json\/wp\/v2\/pages\/1354\/revisions"}],"predecessor-version":[{"id":23419706,"href":"https:\/\/www.desouches-chirurgien-esthetique.com\/it\/wp-json\/wp\/v2\/pages\/1354\/revisions\/23419706"}],"up":[{"embeddable":true,"href":"https:\/\/www.desouches-chirurgien-esthetique.com\/it\/wp-json\/wp\/v2\/pages\/374"}],"wp:attachment":[{"href":"https:\/\/www.desouches-chirurgien-esthetique.com\/it\/wp-json\/wp\/v2\/media?parent=1354"}],"wp:term":[{"taxonomy":"dipi_cpt_category","embeddable":true,"href":"https:\/\/www.desouches-chirurgien-esthetique.com\/it\/wp-json\/wp\/v2\/dipi_cpt_category?post=1354"}],"curies":[{"name":"parola chiave","href":"https:\/\/api.w.org\/{rel}","templated":true}]}}

<p>Con l&#039;età, l&#039;ovale del viso tende a perdere la sua definizione e la pelle del collo a cedere.<br />
Il dottor Christophe Desouches migliora la definizione del viso e ripristina la tensione della pelle del collo con la chirurgia estetica.</p>
<h2>French Lift: il lifting mini-invasivo</h2>
<p>Il French Lift è una tecnica innovativa, più leggera del lifting tradizionale, che ridefinisce l&#039;ovale del viso intervenendo con precisione sui rilassamenti della parte inferiore del viso, garantendo un risultato naturale e armonioso.</p>
<p>&gt;&gt;&gt;Maggiori dettagli su <a href="https://www.desouches-chirurgien-esthetique.com/it/chirurgia-estetica/prima-dopo-chirurgia-estetica-facciale/chirurgia-estetica-dellovale-e-del-collo/ascensore-francese/">Ascensore alla francese</a></p>
<h2>Lifting cervicofacciale</h2>
<p>Il lifting estetico è la tecnica più nota per correggere la perdita di definizione del viso dovuta all&#039;età. Migliora l&#039;aspetto del collo e dei contorni del viso.</p>
<p>&gt;&gt;&gt;Maggiori dettagli su <a href="https://www.desouches-chirurgien-esthetique.com/it/chirurgia-estetica/prima-dopo-chirurgia-estetica-facciale/chirurgia-estetica-dellovale-e-del-collo/lifting-cervico-facciale-2/">lifting cervico-facciale</a></p>
<p><!--more--></p>
<div class='et-learn-more clearfix'>
					<h3 class='heading-more'>Scopri le possibilità offerte dalla medicina estetica<span class='et_learnmore_arrow'><span></span></span></h3>
					<div class='learn-more-content'><h2>Medicina estetica dell&#039;ovale e del collo</h2>
<p>Scopri le possibilità di abbellimento del viso senza intervento chirurgico con <a href="https://www.desouches-chirurgien-esthetique.com/it/medicina-estetica/medicina-estetica-del-viso-2/medicina-estetica-del-lobo-e-del-collo/">medicina estetica dell&#039;ovale e del collo</a> : Rimodellamento della mascella, Microneedling di SkinPen, Nefertiti Lifting e filler.</p></div>
				</div>

<p>Avec l&#8217;âge, l&#8217;ovale du visage a tendance à perdre de sa définition, la peau du cou à se détendre. Le Dr Christophe Desouches améliore la définition de votre visage et redonne de la tension à la peau du cou avec la chirurgie esthétique. French Lift : le lifting du visage mini invasif Le French Lift [&hellip;]</p>
