{"id":6093,"date":"2021-03-11T17:17:05","date_gmt":"2021-03-11T16:17:05","guid":{"rendered":"https:\/\/www.desouches-chirurgien-esthetique.com\/project\/profiloplastie-5\/"},"modified":"2021-03-11T17:17:05","modified_gmt":"2021-03-11T16:17:05","slug":"profiloplastia-5","status":"publish","type":"project","link":"https:\/\/www.desouches-chirurgien-esthetique.com\/es\/avant-apres\/profiloplastie-5\/","title":{"rendered":"perfiloplastia"},"content":{"rendered":"<p><img decoding=\"async\" class=\"aligncenter size-full\" src=\"https:\/\/www.desouches-chirurgien-esthetique.com\/wp-content\/uploads\/wpallimport\/files\/avant-apres-instagram-modele-2-jpgf.jpg\" alt=\"perfiloplastia\" \/><\/p>\n<p style=\"text-align: center;\">Inyecci\u00f3n de \u00e1cido hialur\u00f3nico en nariz, labios y ment\u00f3n para un perfil m\u00e1s armonioso y siempre natural.<\/p>","protected":false},"excerpt":{"rendered":"<p>Inyecci\u00f3n de \u00e1cido hialur\u00f3nico en nariz, labios y ment\u00f3n para un perfil m\u00e1s armonioso y siempre natural.<\/p>","protected":false},"author":1,"featured_media":5751,"comment_status":"open","ping_status":"open","template":"","meta":{"_et_pb_use_builder":"","_et_pb_old_content":"","_et_gb_content_width":"","footnotes":""},"project_category":[5,13,29],"project_tag":[],"class_list":["post-6093","project","type-project","status-publish","has-post-thumbnail","hentry","project_category-chirurgie-esthetique-du-visage","project_category-chirurgie-plastique-du-visage","project_category-rhinoplastie-chirurgicale"],"_links":{"self":[{"href":"https:\/\/www.desouches-chirurgien-esthetique.com\/es\/wp-json\/wp\/v2\/project\/6093","targetHints":{"allow":["GET"]}}],"collection":[{"href":"https:\/\/www.desouches-chirurgien-esthetique.com\/es\/wp-json\/wp\/v2\/project"}],"about":[{"href":"https:\/\/www.desouches-chirurgien-esthetique.com\/es\/wp-json\/wp\/v2\/types\/project"}],"author":[{"embeddable":true,"href":"https:\/\/www.desouches-chirurgien-esthetique.com\/es\/wp-json\/wp\/v2\/users\/1"}],"replies":[{"embeddable":true,"href":"https:\/\/www.desouches-chirurgien-esthetique.com\/es\/wp-json\/wp\/v2\/comments?post=6093"}],"version-history":[{"count":0,"href":"https:\/\/www.desouches-chirurgien-esthetique.com\/es\/wp-json\/wp\/v2\/project\/6093\/revisions"}],"wp:featuredmedia":[{"embeddable":true,"href":"https:\/\/www.desouches-chirurgien-esthetique.com\/es\/wp-json\/wp\/v2\/media\/5751"}],"wp:attachment":[{"href":"https:\/\/www.desouches-chirurgien-esthetique.com\/es\/wp-json\/wp\/v2\/media?parent=6093"}],"wp:term":[{"taxonomy":"project_category","embeddable":true,"href":"https:\/\/www.desouches-chirurgien-esthetique.com\/es\/wp-json\/wp\/v2\/project_category?post=6093"},{"taxonomy":"project_tag","embeddable":true,"href":"https:\/\/www.desouches-chirurgien-esthetique.com\/es\/wp-json\/wp\/v2\/project_tag?post=6093"}],"curies":[{"name":"gracias","href":"https:\/\/api.w.org\/{rel}","templated":true}]}}

<p><img decoding="async" class="aligncenter size-full" src="https://www.desouches-chirurgien-esthetique.com/wp-content/uploads/wpallimport/files/avant-apres-instagram-modele-2-jpgf.jpg" alt="perfiloplastia" /></p>
<p style="text-align: center;">Inyección de ácido hialurónico en nariz, labios y mentón para un perfil más armonioso y siempre natural.</p>

<p>Inyección de ácido hialurónico en nariz, labios y mentón para un perfil más armonioso y siempre natural.</p>
