{"id":5927,"date":"2021-03-11T17:16:50","date_gmt":"2021-03-11T16:16:50","guid":{"rendered":"https:\/\/www.desouches-chirurgien-esthetique.com\/project\/liposuccion-du-cou\/"},"modified":"2021-03-11T17:16:50","modified_gmt":"2021-03-11T16:16:50","slug":"liposuccion-de-cuello","status":"publish","type":"project","link":"https:\/\/www.desouches-chirurgien-esthetique.com\/es\/avant-apres\/liposuccion-du-cou\/","title":{"rendered":"Liposucci\u00f3n de cuello"},"content":{"rendered":"<p><img decoding=\"async\" class=\"aligncenter size-full\" src=\"https:\/\/www.desouches-chirurgien-esthetique.com\/wp-content\/uploads\/wpallimport\/files\/avant-apres-lipocou.jpg\" alt=\"Liposucci\u00f3n de cuello\" \/><\/p>\n<p style=\"text-align: center;\">Esta cirug\u00eda indolora tiene como objetivo redefinir el \u00f3valo del rostro y eliminar definitivamente la papada. El curso postoperatorio es simple, r\u00e1pido y las cicatrices son m\u00ednimas. El resultado final es visible a partir de 1 mes despu\u00e9s de la cirug\u00eda.\u00a0<\/p>","protected":false},"excerpt":{"rendered":"<p>Esta cirug\u00eda indolora tiene como objetivo redefinir el \u00f3valo del rostro y eliminar definitivamente la papada. El curso postoperatorio es simple, r\u00e1pido y las cicatrices son m\u00ednimas. El resultado final es visible a partir de 1 mes despu\u00e9s de la cirug\u00eda.\u00a0<\/p>","protected":false},"author":1,"featured_media":5802,"comment_status":"open","ping_status":"open","template":"","meta":{"_et_pb_use_builder":"","_et_pb_old_content":"","_et_gb_content_width":"","footnotes":""},"project_category":[5,13,35],"project_tag":[],"class_list":["post-5927","project","type-project","status-publish","has-post-thumbnail","hentry","project_category-chirurgie-esthetique-du-visage","project_category-chirurgie-plastique-du-visage","project_category-lifting-cervico-facial"],"_links":{"self":[{"href":"https:\/\/www.desouches-chirurgien-esthetique.com\/es\/wp-json\/wp\/v2\/project\/5927","targetHints":{"allow":["GET"]}}],"collection":[{"href":"https:\/\/www.desouches-chirurgien-esthetique.com\/es\/wp-json\/wp\/v2\/project"}],"about":[{"href":"https:\/\/www.desouches-chirurgien-esthetique.com\/es\/wp-json\/wp\/v2\/types\/project"}],"author":[{"embeddable":true,"href":"https:\/\/www.desouches-chirurgien-esthetique.com\/es\/wp-json\/wp\/v2\/users\/1"}],"replies":[{"embeddable":true,"href":"https:\/\/www.desouches-chirurgien-esthetique.com\/es\/wp-json\/wp\/v2\/comments?post=5927"}],"version-history":[{"count":0,"href":"https:\/\/www.desouches-chirurgien-esthetique.com\/es\/wp-json\/wp\/v2\/project\/5927\/revisions"}],"wp:featuredmedia":[{"embeddable":true,"href":"https:\/\/www.desouches-chirurgien-esthetique.com\/es\/wp-json\/wp\/v2\/media\/5802"}],"wp:attachment":[{"href":"https:\/\/www.desouches-chirurgien-esthetique.com\/es\/wp-json\/wp\/v2\/media?parent=5927"}],"wp:term":[{"taxonomy":"project_category","embeddable":true,"href":"https:\/\/www.desouches-chirurgien-esthetique.com\/es\/wp-json\/wp\/v2\/project_category?post=5927"},{"taxonomy":"project_tag","embeddable":true,"href":"https:\/\/www.desouches-chirurgien-esthetique.com\/es\/wp-json\/wp\/v2\/project_tag?post=5927"}],"curies":[{"name":"gracias","href":"https:\/\/api.w.org\/{rel}","templated":true}]}}

Liposucción de cuello

<p><img decoding="async" class="aligncenter size-full" src="https://www.desouches-chirurgien-esthetique.com/wp-content/uploads/wpallimport/files/avant-apres-lipocou.jpg" alt="Liposucción de cuello" /></p>
<p style="text-align: center;">Esta cirugía indolora tiene como objetivo redefinir el óvalo del rostro y eliminar definitivamente la papada. El curso postoperatorio es simple, rápido y las cicatrices son mínimas. El resultado final es visible a partir de 1 mes después de la cirugía. </p>

<p>Esta cirugía indolora tiene como objetivo redefinir el óvalo del rostro y eliminar definitivamente la papada. El curso postoperatorio es simple, rápido y las cicatrices son mínimas. El resultado final es visible a partir de 1 mes después de la cirugía. </p>
