{"id":5913,"date":"2021-03-11T17:16:50","date_gmt":"2021-03-11T16:16:50","guid":{"rendered":"https:\/\/www.desouches-chirurgien-esthetique.com\/project\/protheses-mammaires-et-round-block\/"},"modified":"2021-03-11T17:16:50","modified_gmt":"2021-03-11T16:16:50","slug":"mama-protesis-y-bloque-redondo","status":"publish","type":"project","link":"https:\/\/www.desouches-chirurgien-esthetique.com\/es\/avant-apres\/protheses-mammaires-et-round-block\/","title":{"rendered":"Pr\u00f3tesis mamarias y bloque redondo"},"content":{"rendered":"<p><img decoding=\"async\" class=\"aligncenter size-full\" src=\"https:\/\/www.desouches-chirurgien-esthetique.com\/wp-content\/uploads\/wpallimport\/files\/avant-apres-17-11-ptose-2.jpg\" alt=\"Pr\u00f3tesis mamarias y bloque redondo\" \/><\/p>\n<p style=\"text-align: center;\">para corregir la ptosis mamaria se realiza la t\u00e9cnica quir\u00fargica de bloque redondo y la colocaci\u00f3n de pr\u00f3tesis mamarias. vista de frente.<\/p>","protected":false},"excerpt":{"rendered":"<p>para corregir la ptosis mamaria se realiza la t\u00e9cnica quir\u00fargica de bloque redondo y la colocaci\u00f3n de pr\u00f3tesis mamarias. vista de frente.<\/p>","protected":false},"author":1,"featured_media":5662,"comment_status":"open","ping_status":"open","template":"","meta":{"_et_pb_use_builder":"","_et_pb_old_content":"","_et_gb_content_width":"","footnotes":""},"project_category":[41,7],"project_tag":[],"class_list":["post-5913","project","type-project","status-publish","has-post-thumbnail","hentry","project_category-augmentation-mammaire-par-prothese","project_category-chirurgie-esthetique-des-seins"],"_links":{"self":[{"href":"https:\/\/www.desouches-chirurgien-esthetique.com\/es\/wp-json\/wp\/v2\/project\/5913","targetHints":{"allow":["GET"]}}],"collection":[{"href":"https:\/\/www.desouches-chirurgien-esthetique.com\/es\/wp-json\/wp\/v2\/project"}],"about":[{"href":"https:\/\/www.desouches-chirurgien-esthetique.com\/es\/wp-json\/wp\/v2\/types\/project"}],"author":[{"embeddable":true,"href":"https:\/\/www.desouches-chirurgien-esthetique.com\/es\/wp-json\/wp\/v2\/users\/1"}],"replies":[{"embeddable":true,"href":"https:\/\/www.desouches-chirurgien-esthetique.com\/es\/wp-json\/wp\/v2\/comments?post=5913"}],"version-history":[{"count":0,"href":"https:\/\/www.desouches-chirurgien-esthetique.com\/es\/wp-json\/wp\/v2\/project\/5913\/revisions"}],"wp:featuredmedia":[{"embeddable":true,"href":"https:\/\/www.desouches-chirurgien-esthetique.com\/es\/wp-json\/wp\/v2\/media\/5662"}],"wp:attachment":[{"href":"https:\/\/www.desouches-chirurgien-esthetique.com\/es\/wp-json\/wp\/v2\/media?parent=5913"}],"wp:term":[{"taxonomy":"project_category","embeddable":true,"href":"https:\/\/www.desouches-chirurgien-esthetique.com\/es\/wp-json\/wp\/v2\/project_category?post=5913"},{"taxonomy":"project_tag","embeddable":true,"href":"https:\/\/www.desouches-chirurgien-esthetique.com\/es\/wp-json\/wp\/v2\/project_tag?post=5913"}],"curies":[{"name":"gracias","href":"https:\/\/api.w.org\/{rel}","templated":true}]}}

Prótesis mamarias y bloque redondo

<p><img decoding="async" class="aligncenter size-full" src="https://www.desouches-chirurgien-esthetique.com/wp-content/uploads/wpallimport/files/avant-apres-17-11-ptose-2.jpg" alt="Prótesis mamarias y bloque redondo" /></p>
<p style="text-align: center;">para corregir la ptosis mamaria se realiza la técnica quirúrgica de bloque redondo y la colocación de prótesis mamarias. vista de frente.</p>

<p>para corregir la ptosis mamaria se realiza la técnica quirúrgica de bloque redondo y la colocación de prótesis mamarias. vista de frente.</p>
