{"id":5426,"date":"2021-03-10T20:24:13","date_gmt":"2021-03-10T19:24:13","guid":{"rendered":"https:\/\/www.desouches-chirurgien-esthetique.com\/project\/cure-de-ptose-mammaire\/"},"modified":"2021-03-10T20:38:49","modified_gmt":"2021-03-10T19:38:49","slug":"mama-ptosis-cura","status":"publish","type":"project","link":"https:\/\/www.desouches-chirurgien-esthetique.com\/es\/avant-apres\/cure-de-ptose-mammaire\/","title":{"rendered":"cura ptosis mamaria"},"content":{"rendered":"<p><img decoding=\"async\" class=\"aligncenter size-full\" src=\"https:\/\/www.desouches-chirurgien-esthetique.com\/wp-content\/uploads\/avant-apres\/cureptose.jpg\" alt=\"cura ptosis mamaria\" \/><\/p>\n<p style=\"text-align: center;\">Gracias a esta particular t\u00e9cnica de inyecci\u00f3n, los contornos quedan particularmente bien definidos, asociados a una mejor proyecci\u00f3n de los labios. Resultado: labios sensuales y sofisticados.<\/p>","protected":false},"excerpt":{"rendered":"<p>Gracias a esta particular t\u00e9cnica de inyecci\u00f3n, los contornos quedan particularmente bien definidos, asociados a una mejor proyecci\u00f3n de los labios. Resultado: labios sensuales y sofisticados.<\/p>","protected":false},"author":1,"featured_media":5438,"comment_status":"open","ping_status":"open","template":"","meta":{"_et_pb_use_builder":"","_et_pb_old_content":"","_et_gb_content_width":"","footnotes":""},"project_category":[7,44],"project_tag":[],"class_list":["post-5426","project","type-project","status-publish","has-post-thumbnail","hentry","project_category-chirurgie-esthetique-des-seins","project_category-lifting-mammaire-avec-prothese"],"_links":{"self":[{"href":"https:\/\/www.desouches-chirurgien-esthetique.com\/es\/wp-json\/wp\/v2\/project\/5426","targetHints":{"allow":["GET"]}}],"collection":[{"href":"https:\/\/www.desouches-chirurgien-esthetique.com\/es\/wp-json\/wp\/v2\/project"}],"about":[{"href":"https:\/\/www.desouches-chirurgien-esthetique.com\/es\/wp-json\/wp\/v2\/types\/project"}],"author":[{"embeddable":true,"href":"https:\/\/www.desouches-chirurgien-esthetique.com\/es\/wp-json\/wp\/v2\/users\/1"}],"replies":[{"embeddable":true,"href":"https:\/\/www.desouches-chirurgien-esthetique.com\/es\/wp-json\/wp\/v2\/comments?post=5426"}],"version-history":[{"count":1,"href":"https:\/\/www.desouches-chirurgien-esthetique.com\/es\/wp-json\/wp\/v2\/project\/5426\/revisions"}],"predecessor-version":[{"id":5432,"href":"https:\/\/www.desouches-chirurgien-esthetique.com\/es\/wp-json\/wp\/v2\/project\/5426\/revisions\/5432"}],"wp:featuredmedia":[{"embeddable":true,"href":"https:\/\/www.desouches-chirurgien-esthetique.com\/es\/wp-json\/wp\/v2\/media\/5438"}],"wp:attachment":[{"href":"https:\/\/www.desouches-chirurgien-esthetique.com\/es\/wp-json\/wp\/v2\/media?parent=5426"}],"wp:term":[{"taxonomy":"project_category","embeddable":true,"href":"https:\/\/www.desouches-chirurgien-esthetique.com\/es\/wp-json\/wp\/v2\/project_category?post=5426"},{"taxonomy":"project_tag","embeddable":true,"href":"https:\/\/www.desouches-chirurgien-esthetique.com\/es\/wp-json\/wp\/v2\/project_tag?post=5426"}],"curies":[{"name":"gracias","href":"https:\/\/api.w.org\/{rel}","templated":true}]}}

<p><img decoding="async" class="aligncenter size-full" src="https://www.desouches-chirurgien-esthetique.com/wp-content/uploads/avant-apres/cureptose.jpg" alt="cura ptosis mamaria" /></p>
<p style="text-align: center;">Gracias a esta particular técnica de inyección, los contornos quedan particularmente bien definidos, asociados a una mejor proyección de los labios. Resultado: labios sensuales y sofisticados.</p>

<p>Gracias a esta particular técnica de inyección, los contornos quedan particularmente bien definidos, asociados a una mejor proyección de los labios. Resultado: labios sensuales y sofisticados.</p>
