{"id":13436,"date":"2021-04-19T15:31:27","date_gmt":"2021-04-19T13:31:27","guid":{"rendered":"https:\/\/www.desouches-chirurgien-esthetique.com\/?post_type=project&#038;p=13436"},"modified":"2021-08-31T15:51:38","modified_gmt":"2021-08-31T13:51:38","slug":"medical-profiloplastia-mediante-inyeccion-de-acido-hialuronico-2","status":"publish","type":"project","link":"https:\/\/www.desouches-chirurgien-esthetique.com\/es\/avant-apres\/profiloplastie-medicale-par-injection-dacide-hyaluronique-2\/","title":{"rendered":"Perfiloplastia m\u00e9dica mediante inyecci\u00f3n de \u00e1cido hialur\u00f3nico"},"content":{"rendered":"<div id=\"attachment_13437\" style=\"width: 310px\" class=\"wp-caption aligncenter\"><img decoding=\"async\" aria-describedby=\"caption-attachment-13437\" class=\"size-medium wp-image-13437\" src=\"https:\/\/www.desouches-chirurgien-esthetique.com\/wp-content\/uploads\/2021\/04\/profiloplastie-medicale-avant-apres-300x300.png\" alt=\"Profiloplastia m\u00e9dica por inyecci\u00f3n de \u00e1cido hialur\u00f3nico en Marsella\" width=\"300\" height=\"300\" \/><p id=\"caption-attachment-13437\" class=\"wp-caption-text\">Perfiloplastia m\u00e9dica: inyecciones de \u00e1cido hialur\u00f3nico en labios y nariz para armonizar el perfil sin cirug\u00eda.<\/p><\/div>","protected":false},"excerpt":{"rendered":"","protected":false},"author":3,"featured_media":13437,"comment_status":"open","ping_status":"closed","template":"","meta":{"_et_pb_use_builder":"","_et_pb_old_content":"","_et_gb_content_width":"","footnotes":""},"project_category":[17,12,15],"project_tag":[],"class_list":["post-13436","project","type-project","status-publish","has-post-thumbnail","hentry","project_category-augmentation-du-volume-des-levres","project_category-medecine-esthetique-du-visage","project_category-produits-de-comblement"],"_links":{"self":[{"href":"https:\/\/www.desouches-chirurgien-esthetique.com\/es\/wp-json\/wp\/v2\/project\/13436","targetHints":{"allow":["GET"]}}],"collection":[{"href":"https:\/\/www.desouches-chirurgien-esthetique.com\/es\/wp-json\/wp\/v2\/project"}],"about":[{"href":"https:\/\/www.desouches-chirurgien-esthetique.com\/es\/wp-json\/wp\/v2\/types\/project"}],"author":[{"embeddable":true,"href":"https:\/\/www.desouches-chirurgien-esthetique.com\/es\/wp-json\/wp\/v2\/users\/3"}],"replies":[{"embeddable":true,"href":"https:\/\/www.desouches-chirurgien-esthetique.com\/es\/wp-json\/wp\/v2\/comments?post=13436"}],"version-history":[{"count":3,"href":"https:\/\/www.desouches-chirurgien-esthetique.com\/es\/wp-json\/wp\/v2\/project\/13436\/revisions"}],"predecessor-version":[{"id":13440,"href":"https:\/\/www.desouches-chirurgien-esthetique.com\/es\/wp-json\/wp\/v2\/project\/13436\/revisions\/13440"}],"wp:featuredmedia":[{"embeddable":true,"href":"https:\/\/www.desouches-chirurgien-esthetique.com\/es\/wp-json\/wp\/v2\/media\/13437"}],"wp:attachment":[{"href":"https:\/\/www.desouches-chirurgien-esthetique.com\/es\/wp-json\/wp\/v2\/media?parent=13436"}],"wp:term":[{"taxonomy":"project_category","embeddable":true,"href":"https:\/\/www.desouches-chirurgien-esthetique.com\/es\/wp-json\/wp\/v2\/project_category?post=13436"},{"taxonomy":"project_tag","embeddable":true,"href":"https:\/\/www.desouches-chirurgien-esthetique.com\/es\/wp-json\/wp\/v2\/project_tag?post=13436"}],"curies":[{"name":"gracias","href":"https:\/\/api.w.org\/{rel}","templated":true}]}}

Perfiloplastia médica mediante inyección de ácido hialurónico

<div id="attachment_13437" style="width: 310px" class="wp-caption aligncenter"><img decoding="async" aria-describedby="caption-attachment-13437" class="size-medium wp-image-13437" src="https://www.desouches-chirurgien-esthetique.com/wp-content/uploads/2021/04/profiloplastie-medicale-avant-apres-300x300.png" alt="Profiloplastia médica por inyección de ácido hialurónico en Marsella" width="300" height="300" /><p id="caption-attachment-13437" class="wp-caption-text">Perfiloplastia médica: inyecciones de ácido hialurónico en labios y nariz para armonizar el perfil sin cirugía.</p></div>
