{"id":17474,"date":"2023-07-11T11:06:03","date_gmt":"2023-07-11T09:06:03","guid":{"rendered":"https:\/\/www.desouches-chirurgien-esthetique.com\/?page_id=17474"},"modified":"2023-09-08T15:02:23","modified_gmt":"2023-09-08T13:02:23","slug":"medicina-estetica-de-la-nariz","status":"publish","type":"page","link":"https:\/\/www.desouches-chirurgien-esthetique.com\/es\/medecine-esthetique\/medecine-esthetique-du-visage\/medecine-esthetique-du-nez\/","title":{"rendered":"Medicina est\u00e9tica para la nariz."},"content":{"rendered":"<p>\u00bfC\u00f3mo embellecer tu nariz?<\/p>\n<p>La nariz ocupa el centro del rostro, y muchas veces es signo de la belleza de \u00e9ste o por el contrario, signo de su deshonra.<\/p>\n<p>La nariz sobre todo nos permite tener nuestra identidad seg\u00fan los diferentes aspectos que puede tomar.<\/p>\n<p>El Dr. Christophe Desuches mejora la morfolog\u00eda de su nariz con medicina est\u00e9tica para la nariz, sin cirug\u00eda.<\/p>\n<h2>rinoplastia medica<\/h2>\n<p>Esta operaci\u00f3n es tan antigua como la historia de la cirug\u00eda reconstructiva, que en los \u00faltimos a\u00f1os ha evolucionado hasta revelar una versi\u00f3n m\u00e9dica, gracias al avance cient\u00edfico y al advenimiento de los rellenos.<\/p>\n<p>&gt;&gt;&gt;M\u00e1s detalles sobre el <a href=\"https:\/\/www.desouches-chirurgien-esthetique.com\/es\/medicina-estetica\/medicina-estetica-de-la-cara-2\/medicina-estetica-de-la-nariz\/rinoplastia-medica\/\">rinoplastia medica<\/a><\/p>\n<h2>Perfiloplastia m\u00e9dica<\/h2>\n<p>Todos so\u00f1amos con tener la estructura facial perfecta, con p\u00f3mulos altos, una nariz proporcionada y un ment\u00f3n perfectamente saliente. Sin embargo, muchos de nosotros no tenemos este equilibrio.<br \/>\n\u00a1Esto es lo que te puede aportar una profiloplastia m\u00e9dica!<\/p>\n<p>&gt;&gt;&gt;M\u00e1s detalles sobre el <a href=\"https:\/\/www.desouches-chirurgien-esthetique.com\/es\/medicina-estetica\/medicina-estetica-de-la-cara-2\/medicina-estetica-menton\/profoplastia-medica-2\/\">profiloplastia medica<\/a><\/p>\n<p><!--more--><\/p>\n<div class='et-learn-more clearfix'>\n\t\t\t\t\t<h3 class='heading-more'>Ver las posibilidades que ofrece la cirug\u00eda est\u00e9tica<span class='et_learnmore_arrow'><span><\/span><\/span><\/h3>\n\t\t\t\t\t<div class='learn-more-content'><h2>Cirug\u00eda est\u00e9tica de nariz<\/h2>\n<p>Tambi\u00e9n es posible corregir su nariz usando <a href=\"https:\/\/www.desouches-chirurgien-esthetique.com\/es\/cirugia-estetica\/antes-despues-cirugia-cosmetica-facial\/cirugia-plastica-de-la-nariz\/\">cirug\u00eda est\u00e9tica de nariz<\/a>, con rinoplastia quir\u00fargica o rinoplastia de punta.<\/p><\/div>\n\t\t\t\t<\/div>","protected":false},"excerpt":{"rendered":"<p>Comment embellir son nez ? Le nez occupe le centre du visage, et il est souvent le signe de la beaut\u00e9 de celui-ci ou au contraire, il signe sa disgr\u00e2ce. Le nez nous permet surtout d\u2019avoir notre identit\u00e9 en fonction des diff\u00e9rents aspects qu\u2019il peut prendre. Le Dr Christophe Desouches am\u00e9liore la morphologie de votre [&hellip;]<\/p>\n","protected":false},"author":1,"featured_media":0,"parent":17007,"menu_order":3,"comment_status":"closed","ping_status":"closed","template":"","meta":{"_et_pb_use_builder":"","_et_pb_old_content":"","_et_gb_content_width":"","footnotes":""},"dipi_cpt_category":[],"class_list":["post-17474","page","type-page","status-publish","hentry"],"_links":{"self":[{"href":"https:\/\/www.desouches-chirurgien-esthetique.com\/es\/wp-json\/wp\/v2\/pages\/17474","targetHints":{"allow":["GET"]}}],"collection":[{"href":"https:\/\/www.desouches-chirurgien-esthetique.com\/es\/wp-json\/wp\/v2\/pages"}],"about":[{"href":"https:\/\/www.desouches-chirurgien-esthetique.com\/es\/wp-json\/wp\/v2\/types\/page"}],"author":[{"embeddable":true,"href":"https:\/\/www.desouches-chirurgien-esthetique.com\/es\/wp-json\/wp\/v2\/users\/1"}],"replies":[{"embeddable":true,"href":"https:\/\/www.desouches-chirurgien-esthetique.com\/es\/wp-json\/wp\/v2\/comments?post=17474"}],"version-history":[{"count":8,"href":"https:\/\/www.desouches-chirurgien-esthetique.com\/es\/wp-json\/wp\/v2\/pages\/17474\/revisions"}],"predecessor-version":[{"id":23418824,"href":"https:\/\/www.desouches-chirurgien-esthetique.com\/es\/wp-json\/wp\/v2\/pages\/17474\/revisions\/23418824"}],"up":[{"embeddable":true,"href":"https:\/\/www.desouches-chirurgien-esthetique.com\/es\/wp-json\/wp\/v2\/pages\/17007"}],"wp:attachment":[{"href":"https:\/\/www.desouches-chirurgien-esthetique.com\/es\/wp-json\/wp\/v2\/media?parent=17474"}],"wp:term":[{"taxonomy":"dipi_cpt_category","embeddable":true,"href":"https:\/\/www.desouches-chirurgien-esthetique.com\/es\/wp-json\/wp\/v2\/dipi_cpt_category?post=17474"}],"curies":[{"name":"gracias","href":"https:\/\/api.w.org\/{rel}","templated":true}]}}

Medicina estética para la nariz.

<p>¿Cómo embellecer tu nariz?</p>
<p>La nariz ocupa el centro del rostro, y muchas veces es signo de la belleza de éste o por el contrario, signo de su deshonra.</p>
<p>La nariz sobre todo nos permite tener nuestra identidad según los diferentes aspectos que puede tomar.</p>
<p>El Dr. Christophe Desuches mejora la morfología de su nariz con medicina estética para la nariz, sin cirugía.</p>
<h2>rinoplastia medica</h2>
<p>Esta operación es tan antigua como la historia de la cirugía reconstructiva, que en los últimos años ha evolucionado hasta revelar una versión médica, gracias al avance científico y al advenimiento de los rellenos.</p>
<p>&gt;&gt;&gt;Más detalles sobre el <a href="https://www.desouches-chirurgien-esthetique.com/es/medicina-estetica/medicina-estetica-de-la-cara-2/medicina-estetica-de-la-nariz/rinoplastia-medica/">rinoplastia medica</a></p>
<h2>Perfiloplastia médica</h2>
<p>Todos soñamos con tener la estructura facial perfecta, con pómulos altos, una nariz proporcionada y un mentón perfectamente saliente. Sin embargo, muchos de nosotros no tenemos este equilibrio.<br />
¡Esto es lo que te puede aportar una profiloplastia médica!</p>
<p>&gt;&gt;&gt;Más detalles sobre el <a href="https://www.desouches-chirurgien-esthetique.com/es/medicina-estetica/medicina-estetica-de-la-cara-2/medicina-estetica-menton/profoplastia-medica-2/">profiloplastia medica</a></p>
<p><!--more--></p>
<div class='et-learn-more clearfix'>
					<h3 class='heading-more'>Ver las posibilidades que ofrece la cirugía estética<span class='et_learnmore_arrow'><span></span></span></h3>
					<div class='learn-more-content'><h2>Cirugía estética de nariz</h2>
<p>También es posible corregir su nariz usando <a href="https://www.desouches-chirurgien-esthetique.com/es/cirugia-estetica/antes-despues-cirugia-cosmetica-facial/cirugia-plastica-de-la-nariz/">cirugía estética de nariz</a>, con rinoplastia quirúrgica o rinoplastia de punta.</p></div>
				</div>

<p>Comment embellir son nez ? Le nez occupe le centre du visage, et il est souvent le signe de la beauté de celui-ci ou au contraire, il signe sa disgrâce. Le nez nous permet surtout d’avoir notre identité en fonction des différents aspects qu’il peut prendre. Le Dr Christophe Desouches améliore la morphologie de votre [&hellip;]</p>
